{"id":8,"date":"2016-06-28T10:39:43","date_gmt":"2016-06-28T08:39:43","guid":{"rendered":"http:\/\/www.tanero.pl\/?page_id=8"},"modified":"2025-01-10T18:21:27","modified_gmt":"2025-01-10T17:21:27","slug":"produkcja","status":"publish","type":"page","link":"https:\/\/www.tanero.pl\/?page_id=8","title":{"rendered":"Produkcja"},"content":{"rendered":"\t\t<div data-elementor-type=\"wp-page\" data-elementor-id=\"8\" class=\"elementor elementor-8\">\n\t\t\t\t\t\t<section class=\"elementor-section elementor-top-section elementor-element elementor-element-942181c elementor-section-boxed elementor-section-height-default elementor-section-height-default\" data-id=\"942181c\" data-element_type=\"section\" data-e-type=\"section\">\n\t\t\t\t\t\t<div class=\"elementor-container elementor-column-gap-default\">\n\t\t\t\t\t<div class=\"elementor-column elementor-col-100 elementor-top-column elementor-element elementor-element-6f0f0f7a\" data-id=\"6f0f0f7a\" data-element_type=\"column\" data-e-type=\"column\">\n\t\t\t<div class=\"elementor-widget-wrap elementor-element-populated\">\n\t\t\t\t\t\t<div class=\"elementor-element elementor-element-514cae33 elementor-widget elementor-widget-text-editor\" data-id=\"514cae33\" data-element_type=\"widget\" data-e-type=\"widget\" data-widget_type=\"text-editor.default\">\n\t\t\t\t<div class=\"elementor-widget-container\">\n\t\t\t\t\t\t\t\t\t<p style=\"text-align: center;\"><span style=\"font-size: 10pt;\">Firma nasza zajmuje si\u0119 produkcj\u0105 cz\u0119\u015bci zamiennych do aut wielu marek, jednak specjalizujemy si\u0119 w angielskich markach takich jak:<\/span><\/p>\n<ul>\n<li><strong><span style=\"font-size: 10pt;\">Jaguar<\/span><\/strong><\/li>\n<li><strong><span style=\"font-size: 10pt;\">Land Rover<\/span><\/strong><\/li>\n<li><strong><span style=\"font-size: 10pt;\">Rover<\/span><\/strong><\/li>\n<li><strong><span style=\"font-size: 10pt;\">MG ( MGF, MG ZS, MG ZR, MG ZTT )<\/span><\/strong><\/li>\n<li><strong><span style=\"font-size: 10pt;\">Mini<\/span><\/strong><\/li>\n<li><strong><span style=\"font-size: 10pt;\">Bentley<\/span><\/strong><\/li>\n<li><strong><span style=\"font-size: 10pt;\">Jaguar Daimler<\/span><\/strong><\/li>\n<\/ul>\n<p><span style=\"font-size: 10pt;\">Oraz do aut niemieckich takich marek jak :<\/span><\/p>\n<ul>\n<li><strong><span style=\"font-size: 10pt;\">BMW<\/span><\/strong><\/li>\n<li><strong><span style=\"font-size: 10pt;\">Audi<\/span><\/strong><\/li>\n<li><strong><span style=\"font-size: 10pt;\">VW Group<\/span><\/strong><\/li>\n<\/ul>\n<h5 style=\"text-align: justify;\"><span style=\"font-size: 10pt;\">Oferowane przez nasz\u0105 firm\u0119 zamienniki s\u0105 znacznie ta\u0144sze i s\u0105 produkowane z materia\u0142\u00f3w o wysokiej jako\u015bci. Ka\u017cda z cz\u0119\u015bci opuszczaj\u0105cych fabryk\u0119 jest dok\u0142adnie testowana i sprawdzana.&nbsp;Dzi\u0119ki zaawansowanemu controlingowi nasi klienci maj\u0105 pewno\u015b\u0107, \u017ce otrzymaj\u0105 towar&nbsp;najwy\u017cszej jako\u015bci, spe\u0142niaj\u0105cy wszystkie wymogi bezpiecze\u0144stwa.<\/span><\/h5>\n<h5 style=\"text-align: justify;\"><span style=\"font-size: 10pt;\">&nbsp; &nbsp; &nbsp; &nbsp;Dlaczego warto wybra\u0107 nasze cz\u0119\u015bci?<\/span><\/h5>\n<ul>\n<li><span style=\"font-size: 10pt;\">Spe\u0142niaj\u0105 europejskie wymogi bezpiecze\u0144stwa i jako\u015bci s\u0105 kontrolowane przed&nbsp;opuszczeniem fabryki<\/span><\/li>\n<li><span style=\"font-size: 10pt;\">S\u0105 sprawdzone w praktyce&nbsp; latami pracuj\u0105 bezawaryjnie w wielu modelach aut<\/span><\/li>\n<li><span style=\"font-size: 10pt;\">? Maj\u0105 korzystn\u0105 cen\u0119&nbsp; jeste\u015bmy producentem, nie p\u0142ac\u0105 Pa\u0144stwo dodatkowej mar\u017cy&nbsp;za po\u015brednictwo.<\/span><\/li>\n<\/ul>\n<p style=\"text-align: center;\">Je\u017celi s\u0105 Pa\u0144stwo zainteresowani zakupem wi\u0119kszej ilo\u015bci w cenach hurtowych to prosimy o kontakt telefoniczny lub mailowy.<\/p>\n<p><\/p>\n<p style=\"text-align: left;\"><strong>&nbsp; &nbsp; &nbsp; &nbsp; &nbsp; &nbsp; &nbsp; &nbsp; &nbsp; &nbsp; &nbsp; &nbsp; &nbsp; &nbsp; &nbsp; &nbsp; &nbsp;Tel: 0048 731 119 779<\/strong><\/p>\n<p style=\"text-align: start;\"><span style=\"font-size: 14pt;\"><strong>&nbsp; &nbsp; &nbsp; &nbsp; &nbsp; &nbsp; &nbsp; &nbsp; &nbsp; &nbsp; &nbsp; &nbsp; Zapraszamy do wsp\u00f3\u0142pracy&nbsp;<\/strong><\/span><\/p><p style=\"text-align: start;\"><span style=\"font-size: 18.6667px;\"><b><div class=\"forminator-ui forminator-custom-form forminator-custom-form-198 forminator-design--default  forminator_ajax\" data-forminator-render=\"0\" data-form=\"forminator-module-198\" data-uid=\"69f369aecca56\"><br\/><\/div><form\n\t\t\t\tid=\"forminator-module-198\"\n\t\t\t\tclass=\"forminator-ui forminator-custom-form forminator-custom-form-198 forminator-design--default  forminator_ajax\"\n\t\t\t\tmethod=\"post\"\n\t\t\t\tdata-forminator-render=\"0\"\n\t\t\t\tdata-form-id=\"198\"\n\t\t\t\t\n\t\t\t\tdata-design=\"default\"\n\t\t\t\t\n\t\t\t\t\n\t\t\t\t\n\t\t\t\tdata-grid=\"open\"\n\t\t\t\t\n\t\t\t\t\n\t\t\t\tstyle=\"display: none;\"\n\t\t\t\t\n\t\t\t\tdata-uid=\"69f369aecca56\"\n\t\t\t><div class=\"forminator-response-message forminator-error\" aria-hidden=\"true\"><\/div><div class=\"forminator-row\"><div id=\"name-1\" class=\"forminator-col forminator-col-12 \"><div class=\"forminator-field\"><label for=\"forminator-field-name-1_69f369aecca56\" class=\"forminator-label\">Imi\u0119 <span class=\"forminator-required\">*<\/span><\/label><input type=\"text\" name=\"name-1\" value=\"\" placeholder=\"\" id=\"forminator-field-name-1_69f369aecca56\" class=\"forminator-input forminator-name--field\" aria-required=\"true\" \/><\/div><\/div><\/div><div class=\"forminator-row\"><div id=\"email-1\" class=\"forminator-col forminator-col-12 \"><div class=\"forminator-field\"><label for=\"forminator-field-email-1_69f369aecca56\" class=\"forminator-label\">Adres e-mail <span class=\"forminator-required\">*<\/span><\/label><input type=\"email\" name=\"email-1\" value=\"\" placeholder=\"\" id=\"forminator-field-email-1_69f369aecca56\" class=\"forminator-input forminator-email--field\" data-required=\"true\" aria-required=\"true\" \/><\/div><\/div><\/div><div class=\"forminator-row\"><div id=\"phone-1\" class=\"forminator-col forminator-col-12 \"><div class=\"forminator-field\"><label for=\"forminator-field-phone-1_69f369aecca56\" class=\"forminator-label\">Numer telefonu<\/label><input type=\"text\" name=\"phone-1\" value=\"\" placeholder=\"\" id=\"forminator-field-phone-1_69f369aecca56\" class=\"forminator-input forminator-field--phone\" data-required=\"\" aria-required=\"false\" autocomplete=\"off\" \/><\/div><\/div><\/div><div class=\"forminator-row\"><div id=\"textarea-1\" class=\"forminator-col forminator-col-12 \"><div class=\"forminator-field\"><label for=\"forminator-field-textarea-1_69f369aecca56\" class=\"forminator-label\">Wiadomo\u015b\u0107<\/label><textarea name=\"textarea-1\" placeholder=\"\" id=\"forminator-field-textarea-1_69f369aecca56\" class=\"forminator-textarea\" rows=\"6\" style=\"min-height:140px;\" maxlength=\"180\" ><\/textarea><span id=\"forminator-field-textarea-1_69f369aecca56-description\" class=\"forminator-description\"><span data-limit=\"180\" data-type=\"characters\">0 \/ 180<\/span><\/span><\/div><\/div><\/div><div class=\"forminator-row\"><div id=\"captcha-1\" class=\"forminator-col forminator-col-12 \"><div class=\"forminator-g-recaptcha\" data-theme=\"light\"  data-sitekey=\"6LdL8-QkAAAAAKng5PXgVRjPjSMQeBkATS-Y-sWg\" data-size=\"normal\"><\/div> <\/div><\/div><div class=\"forminator-row forminator-hidden\"><input type=\"hidden\" id=\"hidden-1_69f369aecca56\" name=\"hidden-1\" value=\"\" \/><\/div><input type=\"hidden\" name=\"referer_url\" value=\"\" \/><div class=\"forminator-row forminator-row-last\"><div class=\"forminator-col\"><div class=\"forminator-field\"><button class=\"forminator-button forminator-button-submit\">Wy\u015blij wiadomo\u015b\u0107<\/button><\/div><\/div><\/div><input type=\"hidden\" id=\"forminator_nonce\" name=\"forminator_nonce\" value=\"317495d240\" \/><input type=\"hidden\" name=\"_wp_http_referer\" value=\"\/index.php?rest_route=%2Fwp%2Fv2%2Fpages%2F8\" \/><input type=\"hidden\" name=\"form_id\" value=\"198\"><input type=\"hidden\" name=\"page_id\" value=\"8\"><input type=\"hidden\" name=\"form_type\" value=\"default\"><input type=\"hidden\" name=\"current_url\" value=\"https:\/\/www.tanero.pl\/?page_id=8\"><input type=\"hidden\" name=\"render_id\" value=\"0\"><input type=\"hidden\" name=\"action\" value=\"forminator_submit_form_custom-forms\"><label for=\"input_6\" class=\"forminator-hidden\" aria-hidden=\"true\">Prosz\u0119 nie wype\u0142nia\u0107 tego pola. <input id=\"input_6\" type=\"text\" name=\"input_6\" value=\"\" autocomplete=\"off\"><\/label><\/form><\/b><\/span><br><\/p>\n<p style=\"text-align: center;\"><span style=\"font-size: 14pt;\"><strong><a href=\"http:\/\/www.tanero.pl\/wp-content\/uploads\/2016\/06\/logo.png\"><img fetchpriority=\"high\" decoding=\"async\" src=\"http:\/\/www.tanero.pl\/wp-content\/uploads\/2016\/06\/logo-300x217.png\" alt=\"logo\" width=\"300\" height=\"217\"><\/a> <span style=\"font-size: 18pt; color: #0000ff;\"><a style=\"color: #0000ff;\" href=\"http:\/\/www.fmparts.eu\" target=\"_blank\" rel=\"noopener\">www.fmparts.eu<\/a><\/span><\/strong><\/span><\/p>\n<p style=\"text-align: center;\">\n<\/p><div class=\"ms-editor-squiggler\">&nbsp;<\/div>\t\t\t\t\t\t\t\t<\/div>\n\t\t\t\t<\/div>\n\t\t\t\t\t<\/div>\n\t\t<\/div>\n\t\t\t\t\t<\/div>\n\t\t<\/section>\n\t\t\t\t<\/div>\n\t\t","protected":false},"excerpt":{"rendered":"<p>Firma nasza zajmuje si\u0119 produkcj\u0105 cz\u0119\u015bci zamiennych do aut wielu marek, jednak specjalizujemy si\u0119 w angielskich markach takich jak: Jaguar Land Rover Rover MG ( MGF, MG ZS, MG ZR, MG ZTT ) Mini Bentley Jaguar Daimler Oraz do aut niemieckich takich marek jak : BMW Audi VW Group Oferowane przez nasz\u0105 firm\u0119 zamienniki s\u0105 &hellip; <\/p>\n<p class=\"link-more\"><a href=\"https:\/\/www.tanero.pl\/?page_id=8\" class=\"more-link\">Czytaj dalej<span class=\"screen-reader-text\"> \u201eProdukcja\u201d<\/span><\/a><\/p>\n","protected":false},"author":1,"featured_media":0,"parent":0,"menu_order":0,"comment_status":"closed","ping_status":"closed","template":"elementor_header_footer","meta":{"footnotes":""},"class_list":["post-8","page","type-page","status-publish","hentry"],"_links":{"self":[{"href":"https:\/\/www.tanero.pl\/index.php?rest_route=\/wp\/v2\/pages\/8","targetHints":{"allow":["GET"]}}],"collection":[{"href":"https:\/\/www.tanero.pl\/index.php?rest_route=\/wp\/v2\/pages"}],"about":[{"href":"https:\/\/www.tanero.pl\/index.php?rest_route=\/wp\/v2\/types\/page"}],"author":[{"embeddable":true,"href":"https:\/\/www.tanero.pl\/index.php?rest_route=\/wp\/v2\/users\/1"}],"replies":[{"embeddable":true,"href":"https:\/\/www.tanero.pl\/index.php?rest_route=%2Fwp%2Fv2%2Fcomments&post=8"}],"version-history":[{"count":14,"href":"https:\/\/www.tanero.pl\/index.php?rest_route=\/wp\/v2\/pages\/8\/revisions"}],"predecessor-version":[{"id":242,"href":"https:\/\/www.tanero.pl\/index.php?rest_route=\/wp\/v2\/pages\/8\/revisions\/242"}],"wp:attachment":[{"href":"https:\/\/www.tanero.pl\/index.php?rest_route=%2Fwp%2Fv2%2Fmedia&parent=8"}],"curies":[{"name":"wp","href":"https:\/\/api.w.org\/{rel}","templated":true}]}}