{"id":10,"date":"2016-06-28T10:40:04","date_gmt":"2016-06-28T08:40:04","guid":{"rendered":"http:\/\/www.tanero.pl\/?page_id=10"},"modified":"2025-01-10T18:18:15","modified_gmt":"2025-01-10T17:18:15","slug":"handel","status":"publish","type":"page","link":"https:\/\/www.tanero.pl\/?page_id=10","title":{"rendered":"Handel"},"content":{"rendered":"\t\t<div data-elementor-type=\"wp-page\" data-elementor-id=\"10\" class=\"elementor elementor-10\">\n\t\t\t\t\t\t<section class=\"elementor-section elementor-top-section elementor-element elementor-element-49d54748 elementor-section-boxed elementor-section-height-default elementor-section-height-default\" data-id=\"49d54748\" data-element_type=\"section\" data-e-type=\"section\">\n\t\t\t\t\t\t<div class=\"elementor-container elementor-column-gap-default\">\n\t\t\t\t\t<div class=\"elementor-column elementor-col-100 elementor-top-column elementor-element elementor-element-1d6863c0\" data-id=\"1d6863c0\" data-element_type=\"column\" data-e-type=\"column\">\n\t\t\t<div class=\"elementor-widget-wrap elementor-element-populated\">\n\t\t\t\t\t\t<div class=\"elementor-element elementor-element-68ce9652 elementor-widget elementor-widget-text-editor\" data-id=\"68ce9652\" data-element_type=\"widget\" data-e-type=\"widget\" data-widget_type=\"text-editor.default\">\n\t\t\t\t<div class=\"elementor-widget-container\">\n\t\t\t\t\t\t\t\t\t<p style=\"text-align: center;\" align=\"JUSTIFY\"><strong>TCI Sp. z o. o.<\/strong> zaprasza do wsp\u00f3\u0142pracy wszystkie podmioty gospodarcze zainteresowanych nawi\u0105zaniem kontakt<span lang=\"es-ES\">\u00f3<\/span>w i wsp\u00f3\u0142pracy handlowej. Zapewniamy towary doskona\u0142ej jako\u015bci, mog\u0105ce \u015bmia\u0142o konkurowa\u0107 z produktami markowymi OEM.<\/p><p style=\"text-align: center;\" align=\"JUSTIFY\">W gronie naszych klient<span lang=\"es-ES\">\u00f3<\/span>w jest wiele polskich i zagranicznych firm motoryzacyjnych, warsztat<span lang=\"es-ES\">\u00f3<\/span>w oraz dystrybutor<span lang=\"es-ES\">\u00f3<\/span>w cz\u0119\u015bci samochodowych. Dzi\u0119ki specjalizacji jeste\u015bmy w stanie dostarczy\u0107 cz\u0119\u015bci zamienne do najpopularniejszych marek pojazd<span lang=\"es-ES\">\u00f3<\/span>w, jak r<span lang=\"es-ES\">\u00f3<\/span>wnie\u017c te do mniej znanych modeli.<\/p><p style=\"text-align: center;\" align=\"JUSTIFY\">Oferujemy dobre warunki handlowe i atrakcyjne ceny przy d\u0142ugotrwa\u0142ej wsp\u00f3\u0142pracy. Nasi klienci ceni\u0105 sobie wysokie standardy obs\u0142ugi oraz terminowo\u015b\u0107 realizacji zam<span lang=\"es-ES\">\u00f3<\/span>wie\u0144.<\/p><p style=\"text-align: center;\">Dlaczego warto wybra\u0107 wsp\u00f3\u0142prac\u0119 z nami?<\/p><ul style=\"text-align: center;\"><li style=\"text-align: left;\">Od 25 lat jeste\u015bmy obecni na rynku motoryzacyjnym. Przez ten czas nasze produkty zyska\u0142<span lang=\"es-ES\">y renom<\/span>\u0119 i uznanie klient<span lang=\"es-ES\">\u00f3<\/span><span lang=\"en-US\">w<\/span><\/li><li style=\"text-align: left;\">Gwarantujemy wysok\u0105 jako\u015b\u0107 oferowanych cz\u0119\u015bci zamiennych.<\/li><li style=\"text-align: left;\">Oferujemy atrakcyjne warunki wsp\u00f3\u0142pracy i korzystne ceny hurtowe.<\/li><\/ul><p style=\"text-align: center;\">Je\u017celi s\u0105 Pa\u0144stwo zainteresowani nawi\u0105zaniem kontakt<span lang=\"es-ES\">\u00f3<\/span>w handlowych prosimy o kontakt.<\/p><p style=\"text-align: center;\"><strong>Tel: 0048 731 119 77<\/strong><\/p><p style=\"text-align: center;\"><strong>Zapraszamy do wsp\u00f3\u0142pracy<\/strong><\/p><p><img fetchpriority=\"high\" decoding=\"async\" class=\"aligncenter\" title=\"\" src=\"http:\/\/s3.egospodarka.pl\/grafika2\/handel-miedzynarodowy\/Handel-swiatowy-ulega-transformacji-119241-900x900.jpg\" alt=\"\" width=\"900\" height=\"514\" \/><\/p>\t\t\t\t\t\t\t\t<\/div>\n\t\t\t\t<\/div>\n\t\t\t\t<div class=\"elementor-element elementor-element-6006154 elementor-widget elementor-widget-spacer\" data-id=\"6006154\" data-element_type=\"widget\" data-e-type=\"widget\" data-widget_type=\"spacer.default\">\n\t\t\t\t<div class=\"elementor-widget-container\">\n\t\t\t\t\t\t\t<div class=\"elementor-spacer\">\n\t\t\t<div class=\"elementor-spacer-inner\"><\/div>\n\t\t<\/div>\n\t\t\t\t\t\t<\/div>\n\t\t\t\t<\/div>\n\t\t\t\t<div class=\"elementor-element elementor-element-cde1f2a elementor-widget elementor-widget-text-editor\" data-id=\"cde1f2a\" data-element_type=\"widget\" data-e-type=\"widget\" data-widget_type=\"text-editor.default\">\n\t\t\t\t<div class=\"elementor-widget-container\">\n\t\t\t\t\t\t\t\t\t<p style=\"text-align: center;\"><strong>Napisz do nas<\/strong><\/p>\t\t\t\t\t\t\t\t<\/div>\n\t\t\t\t<\/div>\n\t\t\t\t<div class=\"elementor-element elementor-element-4b0d7b1 elementor-widget elementor-widget-spacer\" data-id=\"4b0d7b1\" data-element_type=\"widget\" data-e-type=\"widget\" data-widget_type=\"spacer.default\">\n\t\t\t\t<div class=\"elementor-widget-container\">\n\t\t\t\t\t\t\t<div class=\"elementor-spacer\">\n\t\t\t<div class=\"elementor-spacer-inner\"><\/div>\n\t\t<\/div>\n\t\t\t\t\t\t<\/div>\n\t\t\t\t<\/div>\n\t\t\t\t<div class=\"elementor-element elementor-element-6713398 elementor-widget elementor-widget-shortcode\" data-id=\"6713398\" data-element_type=\"widget\" data-e-type=\"widget\" data-widget_type=\"shortcode.default\">\n\t\t\t\t<div class=\"elementor-widget-container\">\n\t\t\t\t\t\t\t<div class=\"elementor-shortcode\"><div class=\"forminator-ui forminator-custom-form forminator-custom-form-198 forminator-design--default  forminator_ajax\" data-forminator-render=\"0\" data-form=\"forminator-module-198\" data-uid=\"69f3b0b62a268\"><br\/><\/div><form\n\t\t\t\tid=\"forminator-module-198\"\n\t\t\t\tclass=\"forminator-ui forminator-custom-form forminator-custom-form-198 forminator-design--default  forminator_ajax\"\n\t\t\t\tmethod=\"post\"\n\t\t\t\tdata-forminator-render=\"0\"\n\t\t\t\tdata-form-id=\"198\"\n\t\t\t\t\n\t\t\t\tdata-design=\"default\"\n\t\t\t\t\n\t\t\t\t\n\t\t\t\t\n\t\t\t\tdata-grid=\"open\"\n\t\t\t\t\n\t\t\t\t\n\t\t\t\tstyle=\"display: none;\"\n\t\t\t\t\n\t\t\t\tdata-uid=\"69f3b0b62a268\"\n\t\t\t><div class=\"forminator-response-message forminator-error\" aria-hidden=\"true\"><\/div><div class=\"forminator-row\"><div id=\"name-1\" class=\"forminator-col forminator-col-12 \"><div class=\"forminator-field\"><label for=\"forminator-field-name-1_69f3b0b62a268\" class=\"forminator-label\">Imi\u0119 <span class=\"forminator-required\">*<\/span><\/label><input type=\"text\" name=\"name-1\" value=\"\" placeholder=\"\" id=\"forminator-field-name-1_69f3b0b62a268\" class=\"forminator-input forminator-name--field\" aria-required=\"true\" \/><\/div><\/div><\/div><div class=\"forminator-row\"><div id=\"email-1\" class=\"forminator-col forminator-col-12 \"><div class=\"forminator-field\"><label for=\"forminator-field-email-1_69f3b0b62a268\" class=\"forminator-label\">Adres e-mail <span class=\"forminator-required\">*<\/span><\/label><input type=\"email\" name=\"email-1\" value=\"\" placeholder=\"\" id=\"forminator-field-email-1_69f3b0b62a268\" class=\"forminator-input forminator-email--field\" data-required=\"true\" aria-required=\"true\" \/><\/div><\/div><\/div><div class=\"forminator-row\"><div id=\"phone-1\" class=\"forminator-col forminator-col-12 \"><div class=\"forminator-field\"><label for=\"forminator-field-phone-1_69f3b0b62a268\" class=\"forminator-label\">Numer telefonu<\/label><input type=\"text\" name=\"phone-1\" value=\"\" placeholder=\"\" id=\"forminator-field-phone-1_69f3b0b62a268\" class=\"forminator-input forminator-field--phone\" data-required=\"\" aria-required=\"false\" autocomplete=\"off\" \/><\/div><\/div><\/div><div class=\"forminator-row\"><div id=\"textarea-1\" class=\"forminator-col forminator-col-12 \"><div class=\"forminator-field\"><label for=\"forminator-field-textarea-1_69f3b0b62a268\" class=\"forminator-label\">Wiadomo\u015b\u0107<\/label><textarea name=\"textarea-1\" placeholder=\"\" id=\"forminator-field-textarea-1_69f3b0b62a268\" class=\"forminator-textarea\" rows=\"6\" style=\"min-height:140px;\" maxlength=\"180\" ><\/textarea><span id=\"forminator-field-textarea-1_69f3b0b62a268-description\" class=\"forminator-description\"><span data-limit=\"180\" data-type=\"characters\">0 \/ 180<\/span><\/span><\/div><\/div><\/div><div class=\"forminator-row\"><div id=\"captcha-1\" class=\"forminator-col forminator-col-12 \"><div class=\"forminator-g-recaptcha\" data-theme=\"light\"  data-sitekey=\"6LdL8-QkAAAAAKng5PXgVRjPjSMQeBkATS-Y-sWg\" data-size=\"normal\"><\/div> <\/div><\/div><div class=\"forminator-row forminator-hidden\"><input type=\"hidden\" id=\"hidden-1_69f3b0b62a268\" name=\"hidden-1\" value=\"\" \/><\/div><input type=\"hidden\" name=\"referer_url\" value=\"\" \/><div class=\"forminator-row forminator-row-last\"><div class=\"forminator-col\"><div class=\"forminator-field\"><button class=\"forminator-button forminator-button-submit\">Wy\u015blij wiadomo\u015b\u0107<\/button><\/div><\/div><\/div><input type=\"hidden\" id=\"forminator_nonce\" name=\"forminator_nonce\" value=\"317495d240\" \/><input type=\"hidden\" name=\"_wp_http_referer\" value=\"\/index.php?rest_route=%2Fwp%2Fv2%2Fpages%2F10\" \/><input type=\"hidden\" name=\"form_id\" value=\"198\"><input type=\"hidden\" name=\"page_id\" value=\"10\"><input type=\"hidden\" name=\"form_type\" value=\"default\"><input type=\"hidden\" name=\"current_url\" value=\"https:\/\/www.tanero.pl\/?page_id=10\"><input type=\"hidden\" name=\"render_id\" value=\"0\"><input type=\"hidden\" name=\"action\" value=\"forminator_submit_form_custom-forms\"><label for=\"input_6\" class=\"forminator-hidden\" aria-hidden=\"true\">Prosz\u0119 nie wype\u0142nia\u0107 tego pola. <input id=\"input_6\" type=\"text\" name=\"input_6\" value=\"\" autocomplete=\"off\"><\/label><\/form><\/div>\n\t\t\t\t\t\t<\/div>\n\t\t\t\t<\/div>\n\t\t\t\t\t<\/div>\n\t\t<\/div>\n\t\t\t\t\t<\/div>\n\t\t<\/section>\n\t\t\t\t<\/div>\n\t\t","protected":false},"excerpt":{"rendered":"<p>TCI Sp. z o. o. zaprasza do wsp\u00f3\u0142pracy wszystkie podmioty gospodarcze zainteresowanych nawi\u0105zaniem kontakt\u00f3w i wsp\u00f3\u0142pracy handlowej. Zapewniamy towary doskona\u0142ej jako\u015bci, mog\u0105ce \u015bmia\u0142o konkurowa\u0107 z produktami markowymi OEM. W gronie naszych klient\u00f3w jest wiele polskich i zagranicznych firm motoryzacyjnych, warsztat\u00f3w oraz dystrybutor\u00f3w cz\u0119\u015bci samochodowych. Dzi\u0119ki specjalizacji jeste\u015bmy w stanie dostarczy\u0107 cz\u0119\u015bci zamienne do najpopularniejszych marek &hellip; <\/p>\n<p class=\"link-more\"><a href=\"https:\/\/www.tanero.pl\/?page_id=10\" class=\"more-link\">Czytaj dalej<span class=\"screen-reader-text\"> \u201eHandel\u201d<\/span><\/a><\/p>\n","protected":false},"author":1,"featured_media":0,"parent":0,"menu_order":0,"comment_status":"closed","ping_status":"closed","template":"elementor_header_footer","meta":{"footnotes":""},"class_list":["post-10","page","type-page","status-publish","hentry"],"_links":{"self":[{"href":"https:\/\/www.tanero.pl\/index.php?rest_route=\/wp\/v2\/pages\/10","targetHints":{"allow":["GET"]}}],"collection":[{"href":"https:\/\/www.tanero.pl\/index.php?rest_route=\/wp\/v2\/pages"}],"about":[{"href":"https:\/\/www.tanero.pl\/index.php?rest_route=\/wp\/v2\/types\/page"}],"author":[{"embeddable":true,"href":"https:\/\/www.tanero.pl\/index.php?rest_route=\/wp\/v2\/users\/1"}],"replies":[{"embeddable":true,"href":"https:\/\/www.tanero.pl\/index.php?rest_route=%2Fwp%2Fv2%2Fcomments&post=10"}],"version-history":[{"count":22,"href":"https:\/\/www.tanero.pl\/index.php?rest_route=\/wp\/v2\/pages\/10\/revisions"}],"predecessor-version":[{"id":313,"href":"https:\/\/www.tanero.pl\/index.php?rest_route=\/wp\/v2\/pages\/10\/revisions\/313"}],"wp:attachment":[{"href":"https:\/\/www.tanero.pl\/index.php?rest_route=%2Fwp%2Fv2%2Fmedia&parent=10"}],"curies":[{"name":"wp","href":"https:\/\/api.w.org\/{rel}","templated":true}]}}